+ (6 - 0)?
10
What is the value of -2 + (4 + -8 + -1 - -3)?
-4
13 + 6 + -16 + (-4 - -1)
0
Evaluate -3 - -6 - 1 - (15 - 21).
8
-2 + (10 - 6) - (4 + -1)
-1
3 - (-5 + 4 - -2) - -1
3
(5 - (8 - 12)) + -9
0
Evaluate 1 - (10 + (-3 - 7)).
1
What is the value of 0 + -5 - (11 - 12)?
-4
What is 0 + 2 + 2 + (-5 - 5)?
-6
What is the value of 2 - 0 - (5 - 2)?
-1
Calculate -4 - -3 - ((2 - -3) + 0).
-6
Evaluate 0 + 1 + (-17 - -14).
-2
Evaluate 9 + 2 + -12 - (-1 - 7).
7
Evaluate (3 - (2 + 1)) + -6 - -13.
7
Calculate 0 - 1 - -2 - (0 - -1).
0
Evaluate (-8 + 14 - -2 - 21) + 6.
-7
What is the value of -24 - -20 - (0 - -1) - -7?
2
What is the value of (5 - 4) + -1 + (0 - 0)?
0
What is the value of 3 - (-1 + 3 + -1)?
2
1 - 1 - -7 - (559 - 553)
1
What is the value of (-4 - (1 - 3)) + 2?
0
Calculate 10 + -15 + 10 - (-2 - -3).
4
What is -1 + -1 + 4 + 1 - -4?
7
0 - (-1 - (4 + 0 + -3))
2
What is -3 + 4 + 3 + -1?
3
What is the value of 11 - 11 - (-3 + 0 + 1)?
2
What is the value of (15 + -5 - 20) + 16?
6
What is (-3 - (-10 - -2)) + -6?
-1
Calculate -81 - -88 - (7 + (-2 - -2)).
0
What is the value of 0 + -6 + 11 + 1 + -5?
1
What is the value of -1 + -1 + (-5 - -2)?
-5
What is the value of -6 - (3 + -22 + 8)?
5
Evaluate -3 + 0 + (-2 - (0 - 9)).
4
What is the value of 5 - 3 - 2 - -2?
2
(4 + 2 - 5 - -8) + -1
8
What is the value of (0 - (-3 + -2)) + -43 + 34?
-4
Evaluate -1 + -2 + 3 + -5 + 11.
6
What is the value of -4 - (-12 + 5 + 5)?
-2
Evaluate -5 + 5 + -3 + -5 + 19.
11
What is the value of (-1 - 3 - 1) + 8 - 2?
1
What is the value of 1 + 0 + (1 - (-13 + 20))?
-5
Evaluate 7 + -1 + -2 + (0 - 0).
4
Evaluate 3 - 3 - (-1 + -2).
3
6 + -1 + (5 - -1) + -3
8
What is 0 + -2 + -2 - (-33 + 35)?
-6
What is the value of 3 + 0 + -3 + -1 + -4?
-5
1 - (1 - -1) - (5 + -3)
-3
Calculate 7 - ((0 - -6) + -2).
3
-3 + 4 + -2 - -3 - 2
0
What is -1 + 0 + 5 + 0?
4
Calculate 2 - (0 - -1) - (-6 + 2).
5
What is the value of -1 + 5 - (2 - -3)?
-1
2 + 3 - (5 - (6 - 7))
-1
What is (-44 - -38) + (5 - 0) - 5?
-6
What is -15 + (-10 - (-10 + -13))?
-2
(-26 - -15) + (3 - 0)
-8
Calculate -11 + 22 + 7 + -14.
4
Calculate 0 + 1 + -2 - -3.
2
Calculate 0 + -2 + -1 + 6 + -8.
-5
Calculate 0 + -1 + -3 + 3.
-1
Evaluate -1 + 10 + 28 + -35.
2
What is the value of 3 + 3 - 14 - (9 - 16)?
-1
What is -2 - (0 + (-2 - -2) + 1)?
-3
Evaluate -1 - 12 - (-3 - -9 - 13).
-6
What is the value of 3 + 5 - (6 + -2 + -1)?
5
Calculate 10 - (-7 - (3 + -13)).
7
(-5 - (4 + -6)) + 2 - 1
-2
What is the value of (-1 - -1) + -2 + (3 - 0)?
1
What is 0 + -4 - -1 - -1?
-2
What is -4 + -3 + 1 + 4?
-2
What is the value of (-6 - -3) + 6 - (3 - -5)?
-5
-1 + -6 + (-11 - (12 + -28))
-2
Calculate (-3 - -1) + 9 + -8.
-1
Evaluate 9 - 2 - (-10 + 13).
4
Calculate 4 - (-4 - -10) - 2.
-4
What is 3 - (1 - (-7 + 4))?
-1
What is (3 - -3) + -3 + -10 + -1?
-8
1 + 4 + -8 + 0 + 7
4
What is the value of -4 - (-4 + 6 - 5)?
-1
What is 5 + (12 - 23 - -5)?
-1
What is 0 + (-4 - 0) + 8?
4
What is 3 - (3 - 1 - (2 + 1))?
4
Calculate -21 + 13 - (-5 - 0).
-3
What is the value of (7 - (2 + 0)) + 7 + -19?
-7
-1 + 4 + (-2 - -1) - 0
2
What is 1 - (1 + (7 + -5 - 4))?
2
What is 2 - (2 - -12) - -7?
-5
Calculate (1 + -2 - 4) + (22 - 15).
2
Evaluate -6 - (0 + -4 - (-1 + 0)).
-3
Evaluate 13 + (0 - 9 - 6).
-2
Evaluate 0 + (-2 - (-3 - (-2 + 2))).
1
(-8 - -6 - 3) + -5 + 7
-3
What is -4 + (-2 - -8) - -2?
4
Evaluate 14 + -7 + 7 + -10.
4
Calculate -5 + (-2 - (-11 + -2)).
6
What is 2 - (-2 - (3 + 1 - 4))?
4
Calculate (1 + -2 - -3) + (-36 - -36).
2
Evaluate -1 + 3 + (-6 - -3) - 3.
-4
Evaluate -4 - (2 + (-7 - -3) + -5).
3
6 - (4 - (-2 - -1)) - 4
-3
Evaluate (-2 - 1) + -5 + 4.
-4
What is the value of 1 + -7 + (-3 - -1 - -12)?
4
14 - ((22 - 22) + 6 + 1)
7
2 + 2 - (6 - 7)
5
What is -29 + 39 + -6 + 0?
4
Calculate -9 + 16 - (-6 - -8).
5
Calculate -4 + -8 - 0 - -8.
-4
Calculate 96 + -93 + 2 + -1.
4
Calculate -3 + 4 + 2 + -5.
-2
What is -3 - (5 + (4 - 11))?
-1
Calculate (4 - 0) + -4 - 3.
-3
-2 - (1 + -4 + -3 + 5)
-1
What is the value of 11 - (-9 + 6 + 9)?
5
What is the value of 2 + -10 + (-1 - -2 - 1)?
-8
Evaluate (-3 - (-11 + -1) - 5) + -2.
2
What is the value of (7 + 2 - 6) + 0?
3
What is the value of 8 + -1 + (8 - 11)?
4
Calculate 2 + (3 - (-4 + 5)).
4
Evaluate 20 + -13 + -7 + (6 - 5).
1
What is 4 + (3 - ((-4 - -8) + 1))?
2
-2 + 3 - -5 - (8 + -4)
2
What is the value of -2 + (-4 - (-9 - -3)) - -4?
4
What is 0 + 0 + (10 - 7)?
3
(3 - 7) + (-2 - -4) - -5
3
Calculate 4 + (1 + 1 - 1).
5
Evaluate 5 - (12 - (-11 - -17)).
-1
Evaluate 1 + 5 + -3 + (-3 - -1).
1
Calculate 11 - (-5 - (4 - 18)).
2
Evaluate 2 - 1 - (-6 - -11).
-4
What is -1 + (1 + 7 - (-33 + 35))?
5
-2 + 0 + -3 + -1 + 3
-3
What is 1 - (0 + (0 + 0 - 1))?
2
What is 0 - (-14 - ((6 - 2) + -11))?
7
Evaluate 1 - (-3 - (-3 - -3)) - -2.
6
Evaluate (7 - 6) + -3 + 0 + -3.
-5
Evaluate 2 + (0 - 0) + 279 + -289.
-8
1 - -4 - -13 - 11
7
Evaluate -4 + 1 - (15 - 19).
1
0 + 4 + -1 - (7 + -2)
-2
(8 - 6) + (-6 - -5)
1
Calculate (6 - (-6 + 5)) + -5.
2
What is the value of -11 + 2 + (0 + 10 - 5)?
-4
-3 + (2 - 4) + 6
1
-2 + (2 - 4 - 0) + 1
-3
Calculate (1 - 0 - (0 - -4)) + 2.
-1
(7 - 0 - (10 - 4)) + 3
4
What is 6 + -22 + 22 + (-2 - 0)?
4
(7 - 9) + 1 + 3 + 0
2
-3 + -2 + 3 - (-2 + -1)
1
-6 + 5 + 3 + 2
4
Evaluate -2 - (-1 + (-2 - 2)).
3
6 + -3 - (-14 + 24)
-7
-5 + 2 + (-1 + 9 - 2)
3
What is the value of 6 + 9 + (-2 - 5) + 0?
8
What is (-5 - (-16 - -7)) + 1 + -10?
-5
Calculate 2 + -13 - -20 - 5.
4
What is the value of 2 + (-7 - (2 + -1))?
-6
Evaluate -1 + -2 + 11 + -8 - 3.
-3
What is the value of 2 - (4 + (-2 - -4) + -1)?
-3
What is -6 - (-7 + (10 - 3))?
-6
Calculate 10 + (-5 - -4) - 6.
3
What is (-10 - -18) + (1 - 5)?
4
Evaluate -3 - (-1 + (-5 - -3)).
0
What is -7 - ((-1 - 1) + 8 + -10)?
-3
Calculate -3 - (5 + -12 + 7).
-3
What is -7 - (-5 - 5) - -4?
7
What is the value of (-2 - (-7 - -2)) + -6?
-3
Evaluate (-16 - -11) + 1 + 0.
-4
What is -6 + 1 + 2 + 6?
3
Evaluate 0 + 3 + 1 + (0 - -1).
5
What is the value of -1 - 7 - (7 + -13)?
-2
Evaluate 13 - (-3 - -9) - 11.
-4
Calculate -4 + 3 + 1 + -4 + -1.
-5
Evaluate -1 - (0 - (3 - (-1 - 0))).
3
What is -1 + (1 - (-3 + 10)) + 4?
-3
Calculate -1 + 2 - (-7 + 9).
-1
-6 + 31 - 5 - 13
7
Evaluate 1 + (7 + -5 - 9).
-6
Calculate 6 + 0 + (-3 - -1) + -1.
3
What is the value of 1 + -3 + 1 + 2 + 0?
1
Evaluate (10 - 12) + 6 + -1 + 0.
3
What is 2 - (-2 + (-5 + 2 - -3))?
4
-3 + 2 + (-3 - -3 - 3)
-4
(3 + (11 - 3) - 4) + -6
1
What is the value of 0 - (3 + 3 + -1 + -5)?
0
Evaluate (21 - 8 - (-4 - -9)) + -16.
-8
What is (-6 - 1) + (0 - -10)?
3
4 - (2 - -2) - 1
-1
0 + (2 - 4) - (1 + 0)
-3
Calculate -2 - 7 - (1 - 5).
-5
What is -24 + 29 - (11 - 1)?
-5
Evaluate 1 + -5 + (-5 - -10) - -4.
5
Evaluate 3 - 0 - (4 - (1 - -4)).
4
8 + (-3 + -3 - -2) - 8
-4
Calculate -2 + (0 - (-1 + -2)) + -1.
0
What is the value of -5 + (-6 + 0 - -11)?
0
What is 1 + 0 - (-3 - -1)?
3
What is the value of 1 + 5 + (-118 - -120)?
8
Evaluate -5 + (8 - (3 - -2)) + 0.
-2
What is -9 + 6 + 16 - 7?
6
What is 5 + -3 - (1 + 3) - 1?
-3
-10 - (6 + (-8 - (5 - 1)))
-4
Evaluate -24 - -23 - (-5 - 1).
5
What is (6 - 3) + -3 + -1 - -3?
2
Calculate (-4 - -4) + (-2 - 0 - -4).
2
What is -8 + 7 + -5 + 5?
-1
Evaluate (-5 - 2) + (43 - 43).
-7
Evaluate (9 + -9 - 3) + (-1 - 1).
-5
Calculate 57 + -53 + (-4 - 1).
-1
What is the value of 0 + -7 + (22 - 5)?
10
What is the value of 3 - 5 - (-4 + 0 + -3)?
5
What is the value of 2 + -2 + (-1 + -2 - 3)?
-6
Calculate 9 - (-3 + (-2 - -9)).
5
What is -29 - (-2 - 9) - -9?
-9
What is the value of 7 + -4 + 2 - 4?
1
Calculate -4 - (0 + 4 + -10 + -1).
3
(33 - (0 - -15)) + -8
10
What is (4 - 6) + (-4 - (-1 - -3))?
-8
What is (3 - -2) + -2 + (-36 - -33)?
0
(2 - 0) + (-3 - -3)
2
Calculate 5 + -9 + 2 + 2 + -3.
-3
What is the value of 7 + -14 + 21 - 0 - 8?
6
What is the value of (-4 - (7 + -14)) + -4?
-1
What is the value of 22 - 26 - -13 - (1 - -1)?
7
8 + -6 + (-6 - -2)
-2
Calculate -5 + (4 - (2 + -6)).
3
6 - 2 - (4 + (-7 - -12))
-5
What is the value of 1 - -3 - (2 - -9) - 0?
-7
Calculate -13 + -5 + 11 + 1.
-6
2 - (-4 - (-1 + 0))
5
Calculate -3 - (3 + -3) - 0.
-3
What is 1 + (-1 - -3 - (-7 - -9))?
1
Evaluate 11 + (2 - 9) - 4.
0
Calculate 3 - (-5 + (-5 - -17)).
-4
What is the value of -9 - (5 - (2 - -12))?
0
(3 - (-7 + -5)) + -17
-2
What is the value of -6 + (1 - (0 - 9))?
4